-11)?
-149
Let l(c) = c**2 - 50*c + 499. Determine l(14).
-5
Let a(q) = -4*q - 52. Give a(-12).
-4
Let s(l) = 3*l + 4. Give s(-3).
-5
Let z(q) = -q**3 + 5*q**2 + 4*q + 18. Calculate z(6).
6
Let w(s) = 3*s**2 + 8*s. Determine w(3).
51
Let l(z) = -5*z**2 - 2*z + 1. Give l(1).
-6
Let q(v) = 4*v**3 + 3*v**2. Calculate q(-2).
-20
Let q(f) = f**3 - 16*f**2 + f - 20. What is q(16)?
-4
Let d(m) = -8*m - 34. Give d(-5).
6
Let x(o) = -o**3 - 14*o**2 - o - 14. Give x(-14).
0
Let z(l) = 2*l**2 - 19*l + 42. Determine z(5).
-3
Let x(h) = -h**2 - 6*h + 4. Determine x(-8).
-12
Let y(h) = -2*h**3 + 2*h**2 + h - 5. Give y(-3).
64
Let v(b) = -b**3 - 10*b**2 - 24*b + 25. What is v(-6)?
25
Let d(j) = -2*j**2 - 12*j + 55. Determine d(3).
1
Let r(s) = s**2 - 5*s - 9. Determine r(7).
5
Let t(a) = -13*a - 50. What is t(-15)?
145
Let z(o) = -9*o + 31. Determine z(10).
-59
Let d(w) = w**3 + 3*w**2 + 3*w + 10. Give d(-6).
-116
Let c(d) = -5*d - 21. Determine c(-4).
-1
Let u(w) = -6*w**2 + 3*w + 2. Determine u(-2).
-28
Let t(m) = -m**3 + 9*m**2 + 11*m - 13. Determine t(10).
-3
Let w(m) = 3*m - 65. Calculate w(23).
4
Let t(z) = -5*z**2 - 1. Determine t(-2).
-21
Let k(a) = -a**2 - 4*a + 1. Give k(-4).
1
Let l(q) = -5*q**2 + 4*q + 16. Calculate l(-5).
-129
Let y(n) = -2*n**3 - 8*n**2 + n + 1. Calculate y(-2).
-17
Let t(m) = -m**3 + m**2 + 2*m + 28. Give t(0).
28
Let i(x) = -25*x - 9. Calculate i(-1).
16
Let q(o) = -o**2 - 11*o - 6. Calculate q(-8).
18
Let h(r) = -r**3 + 10*r**2 + 44*r - 66. What is h(13)?
-1
Let d(q) = q**2 + 3*q + 5. Calculate d(-8).
45
Let p(y) = y**3 + 27*y**2 + 25*y - 35. What is p(-26)?
-9
Let o(a) = a**2 - 6*a - 32. Determine o(10).
8
Let l(x) = -33*x**3 - x**2 - x - 1. Give l(-1).
32
Let n(o) = -2*o**3 + 3*o**2 - 2*o + 22. Determine n(0).
22
Let v(l) = -l**2 + 23*l + 25. What is v(24)?
1
Let s(d) = d**2 + d + 6. Determine s(-5).
26
Let n(l) = -2*l - 17. Give n(-13).
9
Let d(j) = -43*j**2 + j. Give d(1).
-42
Let x(t) = 2*t - 22. Determine x(5).
-12
Let k(w) = 2*w + 2. Calculate k(7).
16
Let r(v) = 14*v + 129. Calculate r(-9).
3
Let g(t) = -8*t + 69. Give g(20).
-91
Let h(x) = -x**3 - x**2 - 3*x + 14. Determine h(2).
-4
Let z(n) = 3*n**2 - 39*n + 29. Give z(12).
-7
Let c(x) = -2*x**2 + 5*x + 4. Determine c(4).
-8
Let v(u) = -u**2 - 8*u + 22. Calculate v(-10).
2
Let g(y) = -y**3 - 4*y**2 + 35*y + 21. Give g(-8).
-3
Let x(g) = -6*g. What is x(1)?
-6
Let d(q) = q**3 + q**2 - 12*q - 32. What is d(-4)?
-32
Let g(a) = -13*a**2 + 1. Give g(-1).
-12
Let k(s) = 4*s**3 + 3*s**2 + s + 7. Calculate k(-2).
-15
Let f(g) = -9*g + 9. Calculate f(4).
-27
Let q(u) = 16*u - 217. Determine q(14).
7
Let w(j) = 9*j - 7. Give w(-4).
-43
Let c(y) = 3*y - 8. Calculate c(-3).
-17
Let n(b) = 4*b**2 - 71*b + 40. Determine n(17).
-11
Let l(p) = -7*p**2 + 2*p + 62. Calculate l(0).
62
Let g(u) = u**2 - 31. Give g(5).
-6
Let s(n) = 24*n - 629. Calculate s(26).
-5
Let x(o) = o - 10. What is x(4)?
-6
Let w(a) = 8*a**2 - 3*a + 11. Calculate w(0).
11
Let r(z) = 3*z**2 - 16*z + 6. Determine r(5).
1
Let i(d) = d**2 + 4*d + 31. Calculate i(-8).
63
Let b(z) = -40*z + 1074. Calculate b(27).
-6
Let r(v) = -v**3 + 7*v**2 - 8*v + 7. Determine r(6).
-5
Let w(j) = 2*j**2 - 4*j - 15. Give w(6).
33
Let d(b) = -2*b**3 + 2*b**2 - 2*b + 2. Give d(2).
-10
Let c(p) = 4*p + 20. Calculate c(-3).
8
Let s(n) = -3*n - 10. Determine s(-8).
14
Let y(o) = 2*o**2 + 7*o + 15. Give y(-5).
30
Let y(r) = -7*r. Give y(2).
-14
Let r(u) = 17*u - 4. Calculate r(2).
30
Let o(j) = j**3 + 8*j**2 - 3*j - 1. What is o(-9)?
-55
Let s(r) = 40*r**2 - 1. Give s(-1).
39
Let z(m) = m**3 + 2*m**2 + 2*m - 8. What is z(0)?
-8
Let a(s) = -s**3 - 4*s + 2. Determine a(3).
-37
Let q(v) = 2*v - 13. Give q(4).
-5
Let k(d) = -d**3 + d**2 - 2*d - 17. Calculate k(0).
-17
Let i(d) = d**2 - 18*d + 15. What is i(16)?
-17
Let p(v) = v**2 + 16*v - 74. What is p(-21)?
31
Let l(g) = g - 41. What is l(32)?
-9
Let t(k) = k**2 - 2*k + 5. Give t(0).
5
Let x(w) = -2*w + 11. Calculate x(13).
-15
Let l(c) = -c**3 - 12*c**2 + 27*c + 1. What is l(-14)?
15
Let z(y) = 36*y**2. What is z(1)?
36
Let d(m) = m**3 + 5*m**2 - 13*m + 3. What is d(-6)?
45
Let n(p) = -p**2 + 14*p + 7. Give n(14).
7
Let y(g) = 34*g**2 + g. Determine y(1).
35
Let d(m) = -m**3 + 4*m**2 + 12*m. What is d(6)?
0
Let t(v) = v**2 - 8*v + 1. Calculate t(7).
-6
Let o(k) = -4*k**2 + 2*k + 2. Determine o(1).
0
Let b(w) = w**3 + 5*w**2 + 3*w + 49. Give b(-6).
-5
Let g(z) = z**2 + 7*z - 6. Give g(3).
24
Let a(m) = m**3 + 2*m**2 - 4*m + 2. Determine a(2).
10
Let j(b) = -8*b - 205. Give j(-26).
3
Let x(n) = -6*n - 17. What is x(-4)?
7
Let h(z) = z + 4. Calculate h(-7).
-3
Let a(t) = -t**3 - 19*t**2 - 21*t - 55. Calculate a(-18).
-1
Let a(h) = -h**2 + 18*h - 25. Calculate a(9).
56
Let n(s) = -s**3 + 14*s**2 - 13*s - 12. Determine n(13).
-12
Let m(d) = 17*d**2 + 86*d + 1. Calculate m(-5).
-4
Let m(w) = w**3 + 24*w**2 - 28*w - 79. Give m(-25).
-4
Let s(u) = -2*u**2 + 22*u - 67. What is s(6)?
-7
Let n(j) = 9*j + 258. Determine n(-27).
15
Let a(d) = -d**3 - 4*d**2 - 4*d - 1. What is a(-3)?
2
Let r(l) = 2*l**2 - 4*l - 6. Determine r(4).
10
Let r(k) = -k**3 + 3*k**2 + 6*k - 10. Calculate r(4).
-2
Let x(t) = 2*t + 26. What is x(-8)?
10
Let o(s) = -4*s - 5. Give o(8).
-37
Let o(f) = f**2 + 14*f - 3. Give o(-11).
-36
Let h(u) = 56*u - 325. What is h(6)?
11
Let n(z) = -48*z + 334. Calculate n(7).
-2
Let r(c) = 14*c**2 - 6*c - 24. Determine r(-2).
44
Let h(g) = -g**2 + 24*g + 73. Give h(27).
-8
Let o(p) = -2*p**3 + 18*p**2 - 19*p + 11. Determine o(8).
-13
Let h(b) = 5*b + 95. Give h(-22).
-15
Let h(r) = -r**2 + r - 4. Determine h(3).
-10
Let u(i) = -8*i**3 + 3*i**2 + 5*i + 2. Give u(-1).
8
Let n(i) = -i**3 - 19*i**2 - 2*i - 22. What is n(-19)?
16
Let l(y) = y**2 + 23*y + 72. What is l(-10)?
-58
Let j(h) = h**3 - 12*h**2 + 11*h - 9. What is j(11)?
-9
Let p(j) = j**3 - 6*j**2 + j - 2. Calculate p(5).
-22
Let q(b) = -53*b**3 - 3*b**2 + 3*b - 1. Calculate q(1).
-54
Let f(z) = -2*z**2 - z. Calculate f(-4).
-28
Let h(f) = -f**2 - 7*f - 1. Determine h(-8).
-9
Let t(a) = -8*a + 65. Calculate t(9).
-7
Let a(o) = -o**2 + 19*o + 123. What is a(24)?
3
Let c(y) = -y**2 + 13*y + 19. What is c(14)?
5
Let a(r) = -r**3 - 8*r**2 - 22*r - 16. Determine a(-3).
5
Let x(q) = -13*q - 15. What is x(-1)?
-2
Let f(d) = 11*d + 96. Give f(-8).
8
Let x(a) = -17*a**2 - 3*a - 2. Calculate x(-2).
-64
Let a(f) = f - 10. Give a(0).
-10
Let v(f) = -3*f**3 - f + 1. Determine v(1).
-3
Let m(h) = 25*h + 2. Give m(-2).
-48
Let h(t) = -t + 40. Calculate h(18).
22
Let d(c) = -14*c**2 - 2*c + 2. Determine d(1).
-14
Let z(x) = -8*x - 23. Determine z(-4).
9
Let f(b) = -7*b + 33. Calculate f(9).
-30
Let j(y) = y**3 - 10*y**2 + 16*y + 1. Calculate j(8).
1
Let v(o) = -5*o**2 - 2*o + 10. Give v(6).
-182
Let r(c) = -c**2 - 5*c + 2. What is r(5)?
-48
Let p(g) = 2*g + 39. Calculate p(-9).
21
Let r(w) = 2*w**3 - 5*w**2 + 2*w + 4. Give r(3).
19
Let q(r) = 176*r + 1225. What is q(-7)?
-7
Let k(u) = 3*u**3 + 29*u**2 - 10*u - 1. Give k(-10).
-1
Let p(q) = -q**2 + 24*q - 5. Give p(24).
-5
Let g(s) = s**2 + 23*s + 16. What is g(-23)?
16
Let y(n) = n - 16. Calculate y(11).
-5
Let i(o) = 9*o - 123. Determine i(14).
3
Let w(f) = -2*f**3 - 3*f**2 - 2*f + 13. Determine w(-3).
46
Let g(t) = 25*t - 10. What is g(4)?
90
Let q(t) = -t**2 + 12*t - 32. Determine q(9).
-5
Let l(z) = z**2 + 71*z + 341. What is l(-66)?
11
Let s(y) = -2*y**3 + 5*y**2 - 8. Calculate s(3).
-17
Let n(f) = -f**2 + 21*f - 12. What is n(19)?
26
Let z(d) = -65*d - 202. What is z(-3)?
-7
Let y(x) = -11*x - 3. Determine y(-4).
41
Let c(q) = -q**3 + 7*q**2 + 10*q - 3. Determine c(8).
13
Let i(w) = -29*w - 537. Calculate i(-19).
14
Let t(p) = -13*p - 72. Determine t(-6).
6
Let k(a) = -61*a + 202. Calculate k(3).
19
Let r(y) = y**3 - 28*y**2 + 26*y - 6. Determine r(27).
-33
Let x(m) = m**3 + 11*m**2 + 13*m + 14. What is x(-10)?
-16
Let u(r) = 2*r**2 + 26*r + 8. What is u(-12)?
-16
Let j(v) = -13*v**2 + 3*v - 6. Give j(2).
-52
Let h(j) = j**2 + 12*j + 4. What is h(-9)?
-23
Let m(p) = 2*p**2 - 31*p - 21. What is m(16)?
-5
Let q(g) = -18*g + 41. Give q(3).
-13
Let a(v) = 4*v. Give a(0).
0
Let w(j) = -4*j - 3. Determine w(-3).
9
Let l(r) = -r**3 - 6*r**2 - 4*r - 8. Determine l(-5).
-13
Let l(v) = 2*v**2 - 22*v + 6